3
Calculate the remainder when 516 is divided by 33.
21
What is the remainder when 436 is divided by 20?
16
Calculate the remainder when 138 is divided by 43.
9
Calculate the remainder when 265 is divided by 137.
128
What is the remainder when 199 is divided by 106?
93
Calculate the remainder when 1200 is divided by 299.
4
What is the remainder when 166 is divided by 123?
43
Calculate the remainder when 77 is divided by 24.
5
Calculate the remainder when 849 is divided by 96.
81
Calculate the remainder when 1091 is divided by 20.
11
Calculate the remainder when 235 is divided by 126.
109
Calculate the remainder when 96 is divided by 14.
12
Calculate the remainder when 268 is divided by 90.
88
Calculate the remainder when 269 is divided by 27.
26
Calculate the remainder when 561 is divided by 38.
29
Calculate the remainder when 2287 is divided by 9.
1
Calculate the remainder when 126 is divided by 31.
2
What is the remainder when 296 is divided by 11?
10
Calculate the remainder when 554 is divided by 82.
62
What is the remainder when 163 is divided by 50?
13
What is the remainder when 124 is divided by 41?
1
What is the remainder when 432 is divided by 138?
18
What is the remainder when 263 is divided by 38?
35
What is the remainder when 71 is divided by 7?
1
Calculate the remainder when 3598 is divided by 120.
118
What is the remainder when 4714 is divided by 53?
50
What is the remainder when 222 is divided by 19?
13
Calculate the remainder when 389 is divided by 98.
95
What is the remainder when 1389 is divided by 48?
45
What is the remainder when 488 is divided by 37?
7
Calculate the remainder when 138 is divided by 66.
6
Calculate the remainder when 871 is divided by 125.
121
What is the remainder when 18 is divided by 7?
4
What is the remainder when 102 is divided by 8?
6
Calculate the remainder when 1023 is divided by 29.
8
Calculate the remainder when 105 is divided by 92.
13
Calculate the remainder when 194 is divided by 102.
92
Calculate the remainder when 2008 is divided by 36.
28
Calculate the remainder when 833 is divided by 171.
149
What is the remainder when 4721 is divided by 1570?
11
Calculate the remainder when 74 is divided by 13.
9
What is the remainder when 16 is divided by 3?
1
Calculate the remainder when 69 is divided by 12.
9
What is the remainder when 10234 is divided by 19?
12
Calculate the remainder when 58 is divided by 22.
14
Calculate the remainder when 525 is divided by 168.
21
What is the remainder when 3627 is divided by 453?
3
What is the remainder when 1885 is divided by 135?
130
What is the remainder when 821 is divided by 780?
41
What is the remainder when 415 is divided by 22?
19
What is the remainder when 3689 is divided by 15?
14
What is the remainder when 315 is divided by 136?
43
What is the remainder when 74 is divided by 11?
8
What is the remainder when 1941 is divided by 139?
134
Calculate the remainder when 331 is divided by 35.
16
Calculate the remainder when 365 is divided by 138.
89
What is the remainder when 14 is divided by 6?
2
What is the remainder when 211 is divided by 9?
4
Calculate the remainder when 307 is divided by 23.
8
Calculate the remainder when 2344 is divided by 112.
104
What is the remainder when 1017 is divided by 1013?
4
What is the remainder when 60 is divided by 39?
21
What is the remainder when 74 is divided by 41?
33
Calculate the remainder when 1719 is divided by 20.
19
What is the remainder when 251 is divided by 103?
45
Calculate the remainder when 214 is divided by 42.
4
Calculate the remainder when 599 is divided by 155.
134
What is the remainder when 2086 is divided by 58?
56
Calculate the remainder when 421 is divided by 73.
56
Calculate the remainder when 1168 is divided by 37.
21
Calculate the remainder when 321 is divided by 143.
35
What is the remainder when 536 is divided by 516?
20
Calculate the remainder when 49 is divided by 42.
7
Calculate the remainder when 273 is divided by 119.
35
What is the remainder when 10813 is divided by 26?
23
What is the remainder when 1728 is divided by 561?
45
Calculate the remainder when 2725 is divided by 21.
16
Calculate the remainder when 21 is divided by 12.
9
What is the remainder when 1317 is divided by 43?
27
What is the remainder when 1072 is divided by 2?
0
Calculate the remainder when 753 is divided by 26.
25
What is the remainder when 2450 is divided by 19?
18
What is the remainder when 2240 is divided by 18?
8
Calculate the remainder when 264 is divided by 130.
4
What is the remainder when 120 is divided by 44?
32
Calculate the remainder when 172 is divided by 16.
12
What is the remainder when 19 is divided by 4?
3
What is the remainder when 1088 is divided by 366?
356
Calculate the remainder when 633 is divided by 225.
183
What is the remainder when 8696 is divided by 12?
8
What is the remainder when 827 is divided by 135?
17
Calculate the remainder when 176 is divided by 114.
62
Calculate the remainder when 5948 is divided by 1979.
11
Calculate the remainder when 423 is divided by 4.
3
What is the remainder when 3438 is divided by 1?
0
Calculate the remainder when 189 is divided by 28.
21
What is the remainder when 298 is divided by 48?
10
Calculate the remainder when 6893 is divided by 493.
484
Calculate the remainder when 172 is divided by 83.
6
What is the remainder when 97 is divided by 19?
2
What is the remainder when 529 is divided by 67?
60
What is the remainder when 2648 is divided by 38?
26
Calculate the remainder when 77 is divided by 75.
2
Calculate the remainder when 48 is divided by 27.
21
What is the remainder when 735 is divided by 223?
66
What is the remainder when 22 is divided by 16?
6
What is the remainder when 336 is divided by 70?
56
What is the remainder when 574 is divided by 18?
16
Calculate the remainder when 39 is divided by 4.
3
Calculate the remainder when 871 is divided by 97.
95
What is the remainder when 85 is divided by 18?
13
Calculate the remainder when 131 is divided by 9.
5
What is the remainder when 15750 is divided by 22?
20
Calculate the remainder when 32 is divided by 18.
14
What is the remainder when 407 is divided by 102?
101
Calculate the remainder when 78 is divided by 42.
36
Calculate the remainder when 682 is divided by 244.
194
What is the remainder when 93 is divided by 47?
46
What is the remainder when 702 is divided by 162?
54
What is the remainder when 16783 is divided by 109?
106
Calculate the remainder when 1510 is divided by 28.
26
What is the remainder when 366 is divided by 170?
26
Calculate the remainder when 52 is divided by 29.
23
What is the remainder when 283 is divided by 94?
1
Calculate the remainder when 118 is divided by 50.
18
Calculate the remainder when 67 is divided by 45.
22
What is the remainder when 4685 is divided by 71?
70
What is the remainder when 713 is divided by 62?
31
What is the remainder when 72 is divided by 22?
6
Calculate the remainder when 3942 is divided by 561.
15
What is the remainder when 160 is divided by 18?
16
Calculate the remainder when 429 is divided by 53.
5
What is the remainder when 129 is divided by 40?
9
Calculate the remainder when 202 is divided by 19.
12
What is the remainder when 23624 is divided by 45?
44
What is the remainder when 148 is divided by 145?
3
Calculate the remainder when 277 is divided by 96.
85
What is the remainder when 1590 is divided by 227?
1
Calculate the remainder when 121 is divided by 4.
1
What is the remainder when 491 is divided by 21?
8
What is the remainder when 57 is divided by 30?
27
Calculate the remainder when 1444 is divided by 13.
1
Calculate the remainder when 212 is divided by 103.
6
What is the remainder when 115 is divided by 114?
1
Calculate the remainder when 2441 is divided by 17.
10
What is the remainder when 629 is divided by 102?
17
Calculate the remainder when 13 is divided by 1.
0
Calculate the remainder when 80 is divided by 18.
8
What is the remainder when 123 is divided by 42?
39
What is the remainder when 136 is divided by 31?
12
What is the remainder when 148 is divided by 15?
13
What is the remainder when 1768 is divided by 61?
60
What is the remainder when 232 is divided by 83?
66
Calculate the remainder when 13401 is divided by 7.
3
Calculate the remai